is the hundreds digit of 1846?
8
What is the tens digit of 19716?
1
What is the tens digit of 6048?
4
What is the ten thousands digit of 53941?
5
What is the hundreds digit of 829?
8
What is the tens digit of 9724?
2
What is the thousands digit of 2414?
2
What is the units digit of 1773?
3
What is the thousands digit of 3987?
3
What is the units digit of 567?
7
What is the tens digit of 70?
7
What is the thousands digit of 1334?
1
What is the hundreds digit of 663?
6
What is the hundreds digit of 9228?
2
What is the hundreds digit of 2551?
5
What is the thousands digit of 64590?
4
What is the hundreds digit of 2036?
0
What is the thousands digit of 2442?
2
What is the hundreds digit of 447?
4
What is the tens digit of 2173?
7
What is the ten thousands digit of 17192?
1
What is the thousands digit of 14490?
4
What is the units digit of 2234?
4
What is the hundreds digit of 78016?
0
What is the thousands digit of 8468?
8
What is the hundreds digit of 19134?
1
What is the units digit of 39814?
4
What is the units digit of 68273?
3
What is the tens digit of 601?
0
What is the thousands digit of 35473?
5
What is the units digit of 2838?
8
What is the hundreds digit of 4672?
6
What is the hundreds digit of 160?
1
What is the ten thousands digit of 35757?
3
What is the tens digit of 2124?
2
What is the units digit of 501?
1
What is the hundreds digit of 645?
6
What is the units digit of 2531?
1
What is the units digit of 13416?
6
What is the hundreds digit of 961?
9
What is the hundreds digit of 6951?
9
What is the units digit of 8448?
8
What is the thousands digit of 78345?
8
What is the thousands digit of 12792?
2
What is the thousands digit of 8473?
8
What is the tens digit of 59137?
3
What is the ten thousands digit of 39156?
3
What is the hundreds digit of 39033?
0
What is the hundreds digit of 825?
8
What is the tens digit of 20835?
3
What is the tens digit of 828?
2
What is the ten thousands digit of 22310?
2
What is the thousands digit of 1518?
1
What is the hundreds digit of 1709?
7
What is the thousands digit of 5765?
5
What is the thousands digit of 39454?
9
What is the tens digit of 4472?
7
What is the thousands digit of 61638?
1
What is the tens digit of 57088?
8
What is the tens digit of 2760?
6
What is the tens digit of 10933?
3
What is the tens digit of 856?
5
What is the thousands digit of 1780?
1
What is the units digit of 13448?
8
What is the hundreds digit of 5830?
8
What is the tens digit of 9914?
1
What is the thousands digit of 2172?
2
What is the units digit of 94272?
2
What is the thousands digit of 1814?
1
What is the ten thousands digit of 18350?
1
What is the ten thousands digit of 55742?
5
What is the tens digit of 2157?
5
What is the hundreds digit of 13621?
6
What is the units digit of 15110?
0
What is the hundreds digit of 60599?
5
What is the ten thousands digit of 49579?
4
What is the tens digit of 5792?
9
What is the tens digit of 1409?
0
What is the hundreds digit of 1179?
1
What is the ten thousands digit of 17484?
1
What is the thousands digit of 39279?
9
What is the thousands digit of 12400?
2
What is the ten thousands digit of 82811?
8
What is the thousands digit of 1476?
1
What is the thousands digit of 16887?
6
What is the hundreds digit of 24532?
5
What is the thousands digit of 25250?
5
What is the ten thousands digit of 74662?
7
What is the tens digit of 701?
0
What is the thousands digit of 30705?
0
What is the tens digit of 357?
5
What is the hundreds digit of 342?
3
What is the thousands digit of 10485?
0
What is the thousands digit of 52663?
2
What is the hundreds digit of 208?
2
What is the units digit of 2745?
5
What is the units digit of 7957?
7
What is the units digit of 30203?
3
What is the ten thousands digit of 19719?
1
What is the ten thousands digit of 24723?
2
What is the thousands digit of 33555?
3
What is the units digit of 23762?
2
What is the units digit of 47280?
0
What is the units digit of 8214?
4
What is the thousands digit of 54938?
4
What is the tens digit of 2215?
1
What is the units digit of 28060?
0
What is the units digit of 14372?
2
What is the thousands digit of 1510?
1
What is the tens digit of 28704?
0
What is the tens digit of 19430?
3
What is the tens digit of 2280?
8
What is the units digit of 14987?
7
What is the hundreds digit of 371?
3
What is the units digit of 4446?
6
What is the hundreds digit of 129604?
6
What is the ten thousands digit of 66165?
6
What is the tens digit of 2979?
7
What is the hundreds digit of 60766?
7
What is the thousands digit of 8323?
8
What is the hundreds digit of 4519?
5
What is the hundreds digit of 4796?
7
What is the hundreds digit of 3102?
1
What is the tens digit of 3355?
5
What is the thousands digit of 1884?
1
What is the tens digit of 2565?
6
What is the hundreds digit of 35467?
4
What is the ten thousands digit of 11659?
1
What is the tens digit of 6264?
6
What is the tens digit of 10128?
2
What is the tens digit of 160?
6
What is the units digit of 35834?
4
What is the units digit of 9391?
1
What is the tens digit of 2677?
7
What is the thousands digit of 5022?
5
What is the tens digit of 34322?
2
What is the units digit of 1376?
6
What is the units digit of 361?
1
What is the hundreds digit of 386?
3
What is the units digit of 6916?
6
What is the thousands digit of 9630?
9
What is the thousands digit of 5457?
5
What is the thousands digit of 1638?
1
What is the tens digit of 102815?
1
What is the thousands digit of 14892?
4
What is the units digit of 22057?
7
What is the thousands digit of 9269?
9
What is the tens digit of 2484?
8
What is the hundreds digit of 2552?
5
What is the tens digit of 64?
6
What is the hundreds digit of 401?
4
What is the units digit of 15812?
2
What is the tens digit of 408?
0
What is the tens digit of 1594?
9
What is the ten thousands digit of 113021?
1
What is the hundreds digit of 1584?
5
What is the thousands digit of 1380?
1
What is the units digit of 29246?
6
What is the tens digit of 19727?
2
What is the units digit of 6709?
9
What is the tens digit of 2833?
3
What is the units digit of 1884?
4
What is the units digit of 278?
8
What is the units digit of 957?
7
What is the tens digit of 413?
1
What is the hundreds digit of 14158?
1
What is the units digit of 76?
6
What is the units digit of 7313?
3
What is the thousands digit of 48810?
8
What is the units digit of 12481?
1
What is the units digit of 73?
3
What is the units digit of 871?
1
What is the units digit of 1894?
4
What is the tens digit of 1229?
2
What is the thousands digit of 83343?
3
What is the hundreds digit of 9309?
3
What is the thousands digit of 16150?
6
What is the thousands digit of 10076?
0
What is the hundreds digit of 22184?
1
What is the thousands digit of 19462?
9
What is the tens digit of 10372?
7
What is the ten thousands digit of 69603?
6
What is the units digit of 121?
1
What is the tens digit of 201?
0
What is the units digit of 3739?
9
What is the units digit of 5795?
5
What is the tens digit of 12698?
9
What is the thousands digit of 14782?
4
What is the thousands digit of 9464?
9
What is the tens digit of 2884?
8
What is the hundreds digit of 263?
2
What is the hundreds digit of 5593?
5
What is the units digit of 637?
7
What is the units digit of 40623?
3
What is the tens digit of 747?
4
What is the thousands digit of 26263?
6
What is the tens digit of 942?
4
What is the hundreds digit of 158318?
3
What is the ten thousands digit of 56635?
5
What is the thousands digit of 18508?
8
What is the tens digit of 140199?
9
What is the tens digit of 20051?
5
What is the ten thousands digit of 10559?
1
What is the hundreds digit of 778?
7
What is the units digit of 27960?
0
What is the tens digit of 110538?
3
What is the thousands digit of 27596?
7
What is the units digit of 1750?
0
What is the hundreds digit of 88623?
6
What is the hundreds digit of 508?
5
What is the hundreds digit of 874?
8
What is the thousands digit of 1175?
1
What is the thousands digit of 93744?
3
What is the hundreds digit of 7268?
2
What is the hundreds digit of 1361?
3
What is the thousands digit of 39178?
9
What is the hundreds digit of 13495?
4
What is the units digit of 144661?
1
What is the thousands digit of 25723?
5
What is the thousan